49. Let m(f) = 53*f**3 + 4*f**2 - 2*f - 8. Is m(o) prime?
True
Suppose -3*b = -q + 477403, -38652 = -q + 4*b + 438749. Is q prime?
True
Let y be 126/(-7)*(150/4)/(-5). Suppose -7*z + y = -404. Is z a composite number?
True
Suppose 0 = -4*w + 2*i - 9 + 65, 2*w = 2*i + 24. Suppose -3*b + 4 = -d, -b = b - 4*d - w. Suppose -9*t + 1552 + 851 = b. Is t a composite number?
True
Suppose 0 = -p - 2*p + 28686. Is (p/42)/(-1 - 8/(-6)) a prime number?
True
Let n be -1*1 + 26 + (-6)/(-3). Let q be 114/n + 8/(-36). Is q/22 + 3*(-24474)/(-198) a prime number?
False
Let r be (3 + 70/(-15))*-777. Let h = -1062 - -426. Let o = h + r. Is o prime?
True
Suppose -4*v = -z - 21811, -5*v + 2*z + 3*z + 27245 = 0. Suppose 14434 - v = 4*w. Suppose w = u + 4*u. Is u a prime number?
True
Suppose -3*l - 2367 = -z - 5*l, 3*l + 7137 = 3*z. Let b = -934 + z. Is b a composite number?
True
Let j(y) = 25*y**2 + 5*y - 6. Let v be j(4). Suppose -z + 3*c + 413 + v = 0, -z + 807 = 2*c. Is z prime?
False
Let a(v) = 430 - 851 - 668*v + 461 - 1309*v. Is a(-3) a prime number?
False
Let i(y) be the second derivative of -3/4*y**4 - 20*y - 3/20*y**5 - 5/6*y**3 + 0 + 1/2*y**2. Is i(-6) prime?
False
Let j = -382473 - -649690. Is j a composite number?
False
Let b = -38 - -23. Let z be b/((1 - -5)/(-198)). Is 3/(-1) + 1 + 0 + z composite?
True
Suppose 198*v + 1579751 = 7486248 + 5833517. Is v prime?
False
Suppose 0 = 85*i + 22427641 - 79077974 - 30781262. Is i composite?
True
Suppose 6*t - k - 12167 = 7953, 2*t = -4*k + 6698. Is t a prime number?
False
Is (-24)/(-180)*-15 - ((-2)/(-2) - 23140) composite?
True
Let q = 191 + -191. Suppose 0*i = 5*i + 395. Let n = q - i. Is n composite?
False
Let d(x) = -8*x - 23 - 52*x + 112*x + 98*x. Let y(c) = -749*c + 115. Let p(n) = 11*d(n) + 2*y(n). Is p(7) composite?
True
Let m be (2 + 3/2)/((-4)/8). Let q(n) = 4*n + 24. Let y be q(m). Is 11/44 - 5035/y a prime number?
True
Let o = 67 + -26. Suppose 76*t - 1362 = 1450. Suppose -o*k + t*k = -12572. Is k a prime number?
False
Let o(y) = y**2 + 11*y + 26. Let h be o(-8). Suppose 0 = -4*g - h*g + 8382. Is g a prime number?
False
Let s(h) = 2223*h**2 + 93*h + 31. Is s(-12) prime?
True
Suppose -62*h - 25*h + 5640681 = -18*h. Is h a prime number?
True
Let k be (-44)/(-220) + -1*58/(-10). Is ((-27)/k + 4)*-10 + 7809 a composite number?
True
Suppose -4*u - 5*j - 64955 = 0, 44818 + 20152 = -4*u - 2*j. Let n = 2188 - u. Is n composite?
False
Let k = -85527 + 256634. Is k a prime number?
False
Suppose 97 + 389 = 6*s. Suppose -3*u + 5*n = -6547, -u = -2*n - s - 2102. Is u a prime number?
True
Let q(x) = 3*x - 8. Suppose 7*l - 18 = -2*l. Let z be q(l). Is 0/3 - z*(-422)/(-4) a composite number?
False
Suppose -3*b = 2*n - 140192, n - 458*b - 70103 = -456*b. Is n composite?
False
Suppose 0 = -4*d - p + 33, 4*d - 39 = 4*p - 11. Let s(t) be the second derivative of 3*t**5/20 - t**4 + 5*t**3/2 - t**2/2 + 8*t - 6. Is s(d) prime?
True
Suppose 5 = -y + 7. Suppose -u - 4 = -y*u, -x - 4*u = -36. Let j(a) = 110*a - 39. Is j(x) composite?
False
Let s(a) = -2*a**3 - 11*a**2 - 4*a + 5. Let z be s(-5). Suppose 2888 = -z*l + l - 3*x, 0 = -5*l + x + 14482. Is l a composite number?
False
Suppose 3*j = -3*y - 6, 4 = 3*j + y + 2. Suppose -d = j*z - 6*z + 15951, -20 = -4*d. Is z composite?
False
Suppose -4*q = -3*i + 29, -18 = 2*q - 8. Suppose i*a + 0*a = 1086. Let f = a + -235. Is f composite?
False
Let i = 315 + -320. Is 3259 + (i - -5 - -6) a composite number?
True
Suppose -4 = -2*j - 0, c + 3*j = 17022. Suppose -5*k + c = a, a + 4*k - 5*k = 17046. Suppose 2663 = -14*y + a. Is y composite?
True
Let a be (-7)/(-112)*4 - 158/(-8). Let k(r) = 69 - a*r - 143 + 27. Is k(-15) a prime number?
False
Let v = -82525 + 492764. Is v prime?
True
Suppose -3*u = 6, 2*f + 1106*u = 1103*u + 90312. Is f a composite number?
True
Suppose -5*i + 14 + 1 = -5*y, 4*i + 3*y = 12. Suppose -w = i*f - 54, 43 + 16 = 4*f - 3*w. Suppose -27*d = -f*d - 2110. Is d a composite number?
False
Suppose 2*a + 20 = 4*a. Suppose -8*p - 7*p = -a*p. Suppose p = 7*y - 2570 + 687. Is y a composite number?
False
Let f(t) = 12391*t**2 - 62*t - 61. Is f(-4) a prime number?
False
Suppose 146475 + 3874486 = 7*k. Is k composite?
False
Suppose 0 = 23*h - 306139 - 177459. Let l = h + -4543. Is l a prime number?
False
Let q(w) = w**3 - w**2 - 16*w - 103. Suppose 84*y + 48 = 86*y. Is q(y) a composite number?
True
Let y(s) = s**2 + s + 6. Let p be y(-4). Suppose -1931 = -p*j - 419. Is 1*j + (-1)/(-1) a composite number?
True
Let h be 8/(-2)*(-5 - 1). Suppose 0*o = 2*o + h. Is 4 - (o/8 - 3334/4) a composite number?
False
Suppose 0 = -3*p - 2*t + 4*t - 5672, 4*p + t = -7559. Let j = p - -2797. Is j composite?
False
Let l = -55 + 57. Suppose -5*p + l*u + 7003 = 0, 3*u - 2679 = -4*p + 2905. Is p prime?
True
Is ((-311734)/(-4) + -1)*(-2)/(-3) a composite number?
True
Suppose 0 = 19*k - 200795 + 48130. Let h = k + -3416. Is h a prime number?
False
Suppose 112*z - 47525 = -4*w + 117*z, -3*w - 4*z = -35636. Suppose -10*r + 22250 = -w. Is r a prime number?
True
Let d be -71*(23/(-2) + (-40)/(-16)). Suppose -645*u + 13074 = -d*u. Is u a composite number?
False
Is (14/77 - 64/110) + 590786/190 prime?
True
Suppose 0 = -o, -5*o + 7*o + 3*o + 121283 = f. Is f a prime number?
True
Let g(n) = -1222*n + 349. Is g(-54) a prime number?
True
Let z(t) = 1950*t**3 + 3*t**2 - 7*t + 4. Let v be z(1). Suppose f - n - 9 + 1 = 0, 10 = -2*n. Suppose 2*b - v = 4*a, -3*a + 1985 = f*b - b. Is b prime?
False
Suppose -12*y + 13272 = -2887692. Is y prime?
False
Let j be (-12 - -14) + 5 + 1. Is 18/(-3) + (9097 - j) prime?
False
Let i be 372/63 - (-4)/42. Suppose -i*d - 2*d + 8696 = 0. Is d composite?
False
Let w = 699 + -667. Let m(j) = 25*j**2 + 2*j + 3. Let n be m(3). Suppose 2*t = n + w. Is t prime?
False
Suppose 0 = 568*q - 573*q + 5*a + 1885, -3*q = -5*a - 1143. Is q composite?
True
Suppose -236*z = -238*z + 5*b + 1388836, -4*z + 2*b + 2777624 = 0. Is z prime?
False
Let j(n) = 72*n - 12. Let z be j(-2). Let g = z - -333. Is g a prime number?
False
Let v(s) = 4*s + 107. Let m be v(-23). Is (-90)/(-25) - 4 - (-11001)/m a composite number?
False
Let g(t) = 11 - 12 - 69*t + 24. Is g(-32) a prime number?
False
Let a(d) = 129*d**3 - 50*d**2 + 136*d - 7. Is a(4) prime?
True
Suppose 5211395 = 26*g - 2769539. Is g prime?
False
Suppose 0 = 5*f + 3*v - 947232, -3*f + 392238 = -5*v - 176108. Is f a composite number?
True
Suppose -5*j = 4*x + 22, 34*x = -3*j + 29*x - 8. Is j - (25892/(-16))/((-1)/(-4)) prime?
False
Suppose 6*o + 2465 = o. Let k = -870 - o. Let a = -214 - k. Is a a prime number?
True
Let z(a) = 3*a**2 - 22*a + 2. Let j be z(-15). Suppose j = y + 308. Is y composite?
True
Let d be 14/8 + (-3)/(-12). Suppose d*f + 81 = 293. Suppose -5*r + o = -2*r - f, 0 = 5*o - 25. Is r a prime number?
True
Let g = -1386 + -1421. Let n = g + 4173. Is n a prime number?
False
Suppose -2*y - 3 = -5, -4*l + 32870 = 2*y. Suppose -l - 6892 = -h - 5*a, -2*a = h - 15115. Is h composite?
True
Let l be (((-30)/18)/1*-2055)/(-1). Let z = l + 7966. Is z prime?
False
Let j = 78 + -81. Let f be j/15*2 + (-19162)/(-55). Suppose 0 = 2*n + 4*r - f - 182, 527 = 2*n + 3*r. Is n prime?
False
Suppose 0 = -s - 5*s - 9546. Let i = 3316 + s. Let h = i - -440. Is h prime?
False
Let z(h) be the second derivative of h**5/10 + h**3/6 + h. Let i be z(1). Suppose 0 = -i*j + 6*j - 327. Is j a composite number?
False
Let h(a) = 6*a**2 + 388*a + 2645. Is h(-7) a composite number?
False
Suppose 9*n + 31 = 13. Is (2/19 + 1667136/(-361))/n prime?
True
Let t be 466*4/8*(-2)/(-2). Is (-3 - (-5)/(10/8))*t composite?
False
Let w be 1/((-6)/18) - 10377/3. Let a = w + 5123. Is a prime?
False
Suppose -322 = -4*s + 694. Suppose 2*m + 3*u = s, 116 + 16 = m - u. Let l = m + 31. Is l a prime number?
False
Suppose 30*g + 871122 = 33*g. Suppose 76*r - 27*r = g. Is r a composite number?
True
Suppose -g + 43176 = -4*z + 137805, -4*z - 4*g + 94604 = 0. Let t = z - 3863. Is t a composite number?
False
Let i = 52122 - -164519. Is i a prime number?
True
Suppose 4*k = 2*p + 10, 10*k - 11*k - 2*p + 5 = 0. Suppose -5*z + k*u = -209338, 4*z - 4*u - 205256 = -37784. Is z composite?
True
Let g(m) = 27530*m + 4191. Is g(4) a composite number?
False
Suppose 10*y + 35*y - 135 = 0. Is 675200/12 